n a is divided by x.
0
Let g(o) = 4*o + 83. Calculate the remainder when g(-9) is divided by 10.
7
Let x = 470 + -358. What is the remainder when 236 is divided by x?
12
Let a(h) = h**3 - h**2 - 5*h + 53. Calculate the remainder when a(0) is divided by 21.
11
Let v(f) = f**2 + 2*f. Let n be v(-2). Suppose n*o + 4*o - 32 = 0. What is the remainder when 31 is divided by o?
7
Let x(j) = j**2 + j - 1. Let q be x(1). Let k(w) = 23*w - 1. Suppose m = -6*v + 4*v + 6, 2*m - 18 = -2*v. What is the remainder when k(q) is divided by m?
10
Suppose 4*f - 4*h = -2*h + 278, -82 = -f + 3*h. Calculate the remainder when f is divided by 24.
19
Let x(w) = -w**3 - 10*w**2 + 8*w - 16. Let b(t) = t**2 + 8*t + 63. Calculate the remainder when b(-8) is divided by x(-11).
12
Suppose 108*k = 104*k + 60. Calculate the remainder when 295 is divided by k.
10
Let g be 325/13 + (1 - 1). Suppose -13*t = -12*t - g. Calculate the remainder when t is divided by 13.
12
Let u = 60 + -27. Suppose 3*w = 4*w - u. What is the remainder when w is divided by 5?
3
Let q = 377 - 170. Calculate the remainder when q is divided by (((-630)/(-12))/7)/(4/8).
12
Let k = 137 - 100. Calculate the remainder when 174 is divided by k.
26
Let r(d) = 3*d**2 - d - 102. Calculate the remainder when r(10) is divided by 58.
14
Suppose 528 = -250*p + 298*p. What is the remainder when 36 is divided by p?
3
Suppose 0 = 24*l - 28*l + 708. Suppose 5*y - l + 37 = 0. Calculate the remainder when 83 is divided by y.
27
Let i be 5/((-10)/(-8)) + -34. Calculate the remainder when 151/4 + i/40 is divided by 21.
16
Let d = -5 + 6. Suppose -d = -4*y + 51. Calculate the remainder when 22 is divided by y + 2 - (1 - -2).
10
Let u(j) = 12*j - 178. Calculate the remainder when 257 is divided by u(17).
23
Suppose 0 = 2*x - 160 - 144. Suppose 2 = -2*t, 3*t + x = 3*f - 2*t. Let i(m) = -2*m - 1. Calculate the remainder when f is divided by i(-7).
10
Let y(j) = -32*j + 240. What is the remainder when 254 is divided by y(7)?
14
Let z = 91 + -79. Suppose -z = -6*j + 12. What is the remainder when 5 is divided by j?
1
Let g(f) = -6*f - 1. What is the remainder when 3/(-12) + (-1)/((-28)/5467) is divided by g(-2)?
8
Let b(f) = f**3 + 17*f**2 + 14*f + 16. Let g be b(-16). Suppose -4*v + g = -v. What is the remainder when 36 is divided by v?
4
Let v(g) = 4*g**3 - 4*g**2 + 2*g + 1. Let d be v(2). Let s(w) = w**3 - 20*w**2 - 20*w - 19. Calculate the remainder when s(d) is divided by 2.
0
Let r = -1 + 6. Suppose a = r*a - 152. Suppose -10 = 3*f - 49. Calculate the remainder when a is divided by f.
12
Let w(u) = -26*u + 81. Let m = -1 - -22. What is the remainder when w(0) is divided by m?
18
Let x(r) = 2*r**3 - r**2 - r + 1. What is the remainder when 3 - (-8 + 11 + -256) is divided by x(3)?
41
Let c(g) = -g + 1. Let o be c(1). Suppose 7*w - 3*w - 204 = o. Suppose -6 - 38 = -2*x - 2*m, -3*x + 101 = -4*m. What is the remainder when w is divided by x?
24
Suppose -480 = -7*k - 13*k. What is the remainder when 77 is divided by k?
5
Let v(c) = 5 + 16 + 0 + c + 0. Calculate the remainder when v(0) is divided by 8.
5
Let j(b) = -b**3 - 9*b**2 + 35*b + 18. What is the remainder when j(-12) is divided by (1/(-3))/(5/(-240))?
14
Let v(s) = 3*s + 47. Calculate the remainder when v(-8) is divided by 8.
7
Let c = -948 + 969. Calculate the remainder when 587 is divided by c.
20
Let i be (-5)/10 + (-99)/2. Let p = -1 - i. Let b = 60 - 35. Calculate the remainder when p is divided by b.
24
Suppose 6*x + 676 = 10*x. Let w = x + -151. Suppose 0 = p - 5*p + 140. Calculate the remainder when p is divided by w.
17
What is the remainder when (1/2)/(1/236) is divided by -3 - (-9*(7 + -6) + -1)?
6
Let r(c) = 4*c**2 + 5*c - 16. Calculate the remainder when r(4) is divided by 9.
5
Let i = 1552 + -1526. Let u(y) = 2*y**3 + 2*y**2 - y - 2. Let o be u(-2). Let f = o - -22. Calculate the remainder when i is divided by f.
12
Suppose 0 = -6*a + a. Suppose 5*v - 143 - 92 = a. Suppose -16 = -4*i + 4*o, 0*i + 4*o = -3*i + v. Calculate the remainder when 26 is divided by i.
8
Suppose 183 = -2*l + 4*q - 59, -3*l - 3*q = 390. Let u = 206 + l. What is the remainder when u is divided by 20?
19
Suppose -5*a - 2*z = -6, -2*z + 2 = a + 2*a. Let d(y) = y**3 + 5*y**2 - 4. What is the remainder when d(-3) is divided by (a/6)/(-2*(-5)/120)?
2
Let a = 7 + 12. Let u(j) = -j + 31. Calculate the remainder when u(a) is divided by 5.
2
Suppose 4*u + 20 = 0, -3*m - 17*u = -16*u - 34. Calculate the remainder when 428 is divided by m.
12
Calculate the remainder when 3*(3/(-1) + 1610/15) is divided by 45.
43
Let u(j) = j**3 + 18*j**2 + 51*j + 13. Suppose 0 = 2*x - 22 - 2. What is the remainder when u(-14) is divided by x?
11
Let b(u) = -u**2 - 15*u - 10. Suppose 0 = 4*c - 3*l + 36, -4*c + 0*l + 2*l = 40. Calculate the remainder when b(c) is divided by 16.
10
Suppose 3*v - 5*q = 27, -1 = 4*q + 11. Calculate the remainder when 38 is divided by 3*(-2)/v + (-29)/(-2).
12
Let u = 394 - 373. Suppose 0 = x - 4*x + 168. Calculate the remainder when x is divided by u.
14
Let z = -382 - -448. Calculate the remainder when z is divided by 17.
15
Suppose -4*s - 5*y - 100 = -267, -4*y = 3*s - 125. What is the remainder when 83 is divided by s?
40
Suppose 0 = -3*j + 15 + 120. What is the remainder when 2985/j + (-4)/(-6) is divided by 17?
16
Let q(v) = 25*v. Let p(k) = -50*k + 1. Let r(n) = 3*p(n) + 5*q(n). What is the remainder when 75 is divided by r(-1)?
19
Let m = 1364 - 1307. Let k = 10 - 0. Calculate the remainder when m is divided by k.
7
Let n = 8 - 11. Let v = n - -5. Suppose -v = l - 20. What is the remainder when 52 is divided by l?
16
Let r = 236 + -75. Calculate the remainder when r is divided by 9.
8
Let h(r) = r**3 - 5*r**2 - 21*r + 58. Calculate the remainder when h(9) is divided by 5.
3
Let y = 2 + -2. Suppose -f - 99 = -3*q, y = -5*q - 5*f + 109 + 36. What is the remainder when 93 is divided by q?
29
Let z(h) be the third derivative of -h**5/30 - 2*h**3 - 2*h**2. Let r be z(5). Let o = 159 + r. Calculate the remainder when o is divided by 33.
31
Suppose 3*n + i - 2 = 7, -3*n - 4*i = -9. Let v = 0 + 17. What is the remainder when v is divided by 8 - (n/3 - 2)?
8
Let s = 1 - -1. Let i(n) = -n**3 + 27*n**2 - 27*n + 30. Let t be i(26). Let q = s + t. What is the remainder when 22 is divided by q?
4
Let a be (-162)/(-8) + 2/(-8). Suppose -3*x - a = -8*x. Suppose x*o - 132 = -5*q + 2*q, o - 5*q - 10 = 0. Calculate the remainder when o is divided by 8.
6
Suppose -74*y = -78*y - 68. Let k = y - -21. What is the remainder when 51 is divided by k?
3
Suppose -178 = 5*h + 177. Let o = h + 48. Let w = 9 - o. Calculate the remainder when 93 is divided by w.
29
Let r = -1073 - -1092. What is the remainder when 189 is divided by r?
18
Let y be 3 + -4 - (-2 + 6). Let n be 0 + -3 - (0 + y). Suppose 0 = -b + 6*o - o, -n*o = b - 7. Calculate the remainder when b is divided by 4.
1
Calculate the remainder when 167 is divided by 780/14 - (-189)/147.
53
Let b(y) = 2*y + 2*y + 4 - 1 - 2. Let f be b(1). Suppose 20 = f*m - 70. What is the remainder when m is divided by 5?
3
What is the remainder when 184 is divided by (-2*8 - 1)/(118/(-118))?
14
Let v = 7300 + -7273. Suppose 3*o - 2 = 16. What is the remainder when v is divided by (1 + 20)*2/o?
6
Suppose 9*w = -4*w + 637. Let l = 60 - w. Let c(m) = -6*m + 1. What is the remainder when c(-3) is divided by l?
8
Suppose -2*v + 230 = 2*b, -4*v + 444 + 11 = -b. Suppose -15*t + 444 - 99 = 0. Calculate the remainder when v is divided by t.
22
Let a(k) = -6*k - 6. Suppose 0 = -g - 5*t + 12, -3*g + 3*t + 36 = 2*t. What is the remainder when a(-6) is divided by g?
6
Let u = -20 - -100. Calculate the remainder when u is divided by 21.
17
Let i(k) = -k + 5. Let z be 664/(-6) + 18/27. Let q = z - -172. What is the remainder when q is divided by i(-11)?
14
Let l(z) = -z**2 + 14*z + 47. Calculate the remainder when 365 is divided by l(9).
89
Calculate the remainder when 130 is divided by 107 + -2 + (-6 - -9).
22
Suppose 8*d = 3*d + 60. Let h = -413 - -448. Calculate the remainder when h is divided by d.
11
Let r = -1663 - -1677. Calculate the remainder when 26 is divided by r.
12
Suppose -4 = z + 11. Let f = 37 + z. Suppose -5*t + 13 = -7. Calculate the remainder when f is 